 -18323310?
-18323250
In base 9, what is 75005 - 3470?
71425
In base 16, what is -4f - 1d586?
-1d5d5
In base 10, what is -402026 + 78?
-401948
In base 13, what is a104a3 - -157?
a1062a
In base 14, what is -42814 + 15?
-427dd
In base 16, what is 10a9 + 111?
11ba
In base 9, what is 5 + -1240387?
-1240382
In base 11, what is -247718a - -1?
-2477189
In base 11, what is 15475a2 + -13?
154758a
In base 13, what is 4 + 26c0819?
26c0820
In base 10, what is -250970 - 740?
-251710
In base 8, what is -5735 - -516533?
510576
In base 16, what is be + 153dd?
1549b
In base 15, what is 4 + 703742?
703746
In base 16, what is -1b622 + 6a0?
-1af82
In base 11, what is -243 - -2438?
21a5
In base 6, what is 2514000324 + -11?
2514000313
In base 12, what is 16 - -327769a?
32776b4
In base 3, what is -1201120022100222020 + -11?
-1201120022100222101
In base 9, what is 187174 - 461?
186613
In base 6, what is -342522 + -30?
-342552
In base 4, what is -3 + 22011030220?
22011030211
In base 4, what is 1 + 10301021200130?
10301021200131
In base 14, what is -1858 + 1780?
-b8
In base 8, what is -1226 + 1024722?
1023474
In base 10, what is 18 - -1674679?
1674697
In base 2, what is -10010111010 - -1111001011011111?
1110111000100101
In base 4, what is -23230300 + -22221?
-23313121
In base 16, what is 6b2 + -2a6fd?
-2a04b
In base 9, what is 653 + -81861?
-81207
In base 16, what is -f7 + -26950?
-26a47
In base 6, what is 0 - -500222002?
500222002
In base 10, what is 12 + 726728?
726740
In base 14, what is 72 + 1074d5?
107567
In base 10, what is 4 - -44378488?
44378492
In base 8, what is -50274 + -321?
-50615
In base 12, what is -14b6 - 20a928?
-210222
In base 5, what is 14331401440 - 10?
14331401430
In base 9, what is 5 - 22760783?
-22760777
In base 10, what is -185 + 51890?
51705
In base 14, what is 0 - 2b6401a?
-2b6401a
In base 13, what is -bc9 + a2c92?
a2096
In base 6, what is -1343 - 54413?
-100200
In base 6, what is -111505053531 + 2?
-111505053525
In base 6, what is -3033321 - 2?
-3033323
In base 14, what is -1b27752 + -d?
-1b27761
In base 6, what is 324522405 - 3?
324522402
In base 8, what is -174711720 - 3?
-174711723
In base 16, what is -30e9a3 + 92?
-30e911
In base 16, what is b3a56 - -5?
b3a5b
In base 14, what is -a01b274 + -1?
-a01b275
In base 12, what is b533362 + -2?
b533360
In base 11, what is -106 + -50906?
-50a11
In base 2, what is -10111000001111 - -1100110001110?
-1010010000001
In base 6, what is 2 + -35240534?
-35240532
In base 4, what is 222301111231323 - 10?
222301111231313
In base 14, what is d0113 - 25?
d00cc
In base 10, what is 323106843 + -2?
323106841
In base 13, what is -1c815514 + -1?
-1c815515
In base 3, what is 211 - 22212112020?
-22212111102
In base 3, what is 1000101101201121100 + 11?
1000101101201121111
In base 9, what is 67586 - 673?
66813
In base 6, what is 21 + -3355432034?
-3355432013
In base 16, what is 2 + 7778df?
7778e1
In base 12, what is 204130a - -9?
2041317
In base 13, what is -1c3 - 27742?
-27935
In base 12, what is 96 - -187a5a?
187b34
In base 8, what is 306266 - -1520?
310006
In base 15, what is -11d2cd36 - 4?
-11d2cd3a
In base 16, what is -7 + -1782dfe?
-1782e05
In base 13, what is -906063 + 115?
-905c4b
In base 16, what is 1734d7 + -2?
1734d5
In base 10, what is -4 - -5900624?
5900620
In base 10, what is 5 - -31679879?
31679884
In base 8, what is 557003773 + -6?
557003765
In base 14, what is -500c52 - -16?
-500c3a
In base 9, what is -11207833 + 60?
-11207763
In base 10, what is 16169242 + 5?
16169247
In base 12, what is 81031 + -67?
80b86
In base 3, what is 120211121200220 + 1121?
120211121202111
In base 10, what is 6811 - 376?
6435
In base 14, what is -4 + 30b00a7?
30b00a3
In base 10, what is -759107 + -788?
-759895
In base 2, what is 1100000100000010000010 - -1100?
1100000100000010001110
In base 15, what is -6e5 + 2457?
1c62
In base 11, what is 171208413 + 4?
171208417
In base 9, what is 32750210 - 4?
32750205
In base 6, what is -2543 - 511300?
-514243
In base 2, what is 100 - 101001110001110111001?
-101001110001110110101
In base 2, what is 10 + -1011101010101011001111?
-1011101010101011001101
In base 16, what is -14c37f2 + -3?
-14c37f5
In base 3, what is -22021010100 + -21200?
-22021102000
In base 15, what is 580506 - 3?
580503
In base 5, what is -1412134 + -342042?
-2304231
In base 6, what is -4202212 + 0?
-4202212
In base 14, what is 8 + -14030a1?
-1403097
In base 8, what is 2044 - 3763176?
-3761132
In base 5, what is 132124 + -241221?
-104042
In base 8, what is 3 - 45124420?
-45124415
In base 15, what is -903e - 13e?
-917d
In base 15, what is 4 + -2c6845?
-2c6841
In base 2, what is -1100011011101000111000 - 11?
-1100011011101000111011
In base 13, what is -c04 + 152b5?
143b1
In base 13, what is 140 + 372a77?
372bb7
In base 11, what is 13a4906a + -1?
13a49069
In base 14, what is 912 - -2495?
2da7
In base 5, what is -222011311 - -213?
-222011043
In base 6, what is 20 - 13340501?
-13340441
In base 7, what is -656346 - -144?
-656202
In base 10, what is -40985738 + -6?
-40985744
In base 16, what is -2805f2e + 1?
-2805f2d
In base 13, what is 7826 + -10a5?
6751
In base 11, what is -3459 - -5686?
2228
In base 14, what is c - -2775b3d?
2775b4b
In base 7, what is -105042354 + 4?
-105042350
In base 10, what is 172358 - 98?
172260
In base 4, what is 3023031012220 - 102?
3023031012112
In base 5, what is 0 + -214023100434?
-214023100434
In base 4, what is 1 - 21112322322200?
-21112322322133
In base 14, what is -1125a + 505?
-10b55
In base 10, what is 40633341 + -4?
40633337
In base 8, what is -1 - -44613557?
44613556
In base 11, what is 6852aa + 4?
685303
In base 11, what is -9 - -498266?
498258
In base 14, what is 2295aa0 + -9?
2295a95
In base 16, what is 18 - -12f65?
12f7d
In base 14, what is -9ac6c + -c?
-9ac7a
In base 4, what is 20033 + -1121223033?
-1121203000
In base 13, what is -967a15 + -7a?
-967a92
In base 14, what is -3ac4c3 + 36?
-3ac48b
In base 4, what is 12330230 + 223101?
13213331
In base 15, what is 2 + -ccd86ec?
-ccd86ea
In base 13, what is -c - -918b7?
918a8
In base 13, what is 196a0 + -1b?
19682
In base 4, what is -1023103332221 + -11?
-1023103332232
In base 16, what is a8071f0a - 0?
a8071f0a
In base 3, what is 2021012002001 + 201?
2021012002202
In base 10, what is -53435817 - -2?
-53435815
In base 3, what is 210111 + -2012202211212?
-2012202001101
In base 4, what is -11 + 21213330330011?
21213330330000
In base 9, what is -864657130 + -3?
-864657133
In base 10, what is 43611 - -21?
43632
In base 10, what is 230 - 211602?
-211372
In base 7, what is 4434 - -2031526?
2036263
In base 16, what is -d7 - -34017a?
3400a3
In base 3, what is 100201201100 + 100021?
100202001121
In base 8, what is -307546075 + 3?
-307546072
In base 9, what is -16 + -314553?
-314570
In base 14, what is -54bb30d5 - 2?
-54bb30d7
In base 5, what is 213240233 - 12?
213240221
In base 9, what is -154 + 57366?
57212
In base 6, what is -12442123 - 0?
-12442123
In base 5, what is 1213442 - -1301?
1220243
In base 7, what is 1 + -33506001?
-33506000
In base 2, what is -11010011010 - -1110000101101000?
1101101011001110
In base 4, what is 332010022232 + 1?
332010022233
In base 16, what is 2 - 8f0854?
-8f0852
In base 15, what is -2c1dc70 + -a?
-2c1dc7a
In base 14, what is -6c2 + -32a29?
-3330b
In base 13, what is 29 + 57b470?
57b499
In base 16, what is 25 - ad3de?
-ad3b9
In base 5, what is 23214400 + 214?
23220114
In base 14, what is 23dc - -9?
2407
In base 7, what is -6012004 - 12?
-6012016
In base 14, what is -265c + acb?
-1971
In base 12, what is -18 + -604a6?
-60502
In base 2, what is 11 + 110001011100100010111?
110001011100100011010
In base 9, what is 7 - 67313182?
-67313174
In base 12, what is 21 - 27254a3?
-2725482
In base 2, what is 10100000001011101100 + -10100111?
10100000001001000101
In base 14, what is -28 - -c07076?
c0704c
In base 10, what is -7622415 + 5?
-7622410
In base 3, what is -222202 - 21021101?
-22021010
In base 7, what is -1361164 + 136?
-1361025
In base 12, what is 5 - -2b0258b?
2b02594
In base 12, what is 9142 - -137b?
a501
In base 3, what is 22211 + -211000000?
-210200012
In base 2, what is -1111101 + 111010100110111011?
111010100100111110
In base 14, what is b07d + 323?
b3a2
In base 5, what is 111343344 - -22?
111343421
In base 2, what i